64)/(-18) - x/45. Suppose 0 = -2*r - j - 3*j + z, -5*r - 3*j + 22 = 0. List the prime factors of r.
2
Suppose u + u = -a + 1, 5*u = 2*a + 16. Suppose 6*b - u*h = 2*b + 242, b - 5*h = 65. List the prime factors of b.
2, 3, 5
Suppose -11*q = -173 - 58. List the prime factors of q.
3, 7
Suppose -2*u - 3*d = 2, d = -5*u + 2*u + 4. Suppose 5*g - 32 = -7*c + 3*c, -c - u*g = -5. Suppose -n = -c + 2. List the prime factors of n.
11
Let f = -5 + 8. Let b(p) = -p**3 - 5*p**2 - 3*p + 6. Let s(q) = -6*q**3 - 26*q**2 - 14*q + 31. Let d(r) = -11*b(r) + 2*s(r). List the prime factors of d(f).
11
Suppose 2353 + 2055 = 8*n. What are the prime factors of n?
19, 29
Suppose 4*x = r - 5856, -180*r + 182*r + 5*x = 11660. What are the prime factors of r?
2, 5, 73
What are the prime factors of ((-75)/50)/((-6)/4844)?
7, 173
Let o = -1469 - -2065. What are the prime factors of o?
2, 149
Let k(t) = 25*t - 12. List the prime factors of k(21).
3, 19
Let a = -2 - 0. Let p be (a/(-4) - 3)*2. List the prime factors of (-123)/p + 10/25.
5
List the prime factors of 4228/12 + 6/(-18).
2, 11
Let u = -12 - -19. Suppose -1 = 2*v - u. Suppose -v*h + 98 = -h. List the prime factors of h.
7
Let w be (115/15)/((-1)/3). Let i = 52 - w. What are the prime factors of i*(-3 - 72/(-20))?
3, 5
Let i(g) = g - 7. Let j be i(11). Suppose -5*h - 32 = -j*t, -3*h + 16 + 8 = 3*t. Suppose -5*v + 3*r = -3*v - t, 5*v - r = 20. What are the prime factors of v?
2
Suppose 0 = 13*b + b + 2786. Let j = -31 - b. List the prime factors of j.
2, 3, 7
Let y be (4/5)/(2/(-10)). Let h(l) = 33 + 2*l**3 + 5*l**2 - 29 - l**3. What are the prime factors of h(y)?
2, 5
Suppose -3 = 3*u, -5*y + 2*u = -3*y - 938. List the prime factors of y.
2, 3, 13
Let j(y) = 2*y**2 - 74*y + 156. List the prime factors of j(48).
2, 3, 101
Let u(b) = -3*b**3 + 4*b**3 + 138 + 0*b**3 - b**2. List the prime factors of u(0).
2, 3, 23
Let r(g) = g**3 - 6*g**2 - 6*g + 14. Let o = 19 - 17. Let l be o*(-5)/((-10)/7). List the prime factors of r(l).
3, 7
Suppose -12*a + 15*a = 15. Suppose -81 = -a*k + 3*l + 9, -15 = -3*l. What are the prime factors of k?
3, 7
Let h = 24 - 20. Let s = h - -68. Suppose -5*j - 2*l = -167, -3*j + s + 22 = -5*l. List the prime factors of j.
3, 11
Let y be 8*1 - (-21)/(-7). Suppose 20 = 5*p - 3*c - 11, 5*c = y*p - 35. Suppose 0 = p*h - 81 - 129. What are the prime factors of h?
2, 3, 7
Let s = -1943 + 5814. What are the prime factors of s?
7, 79
Suppose -f = 2*q + 41, 5*f = 3*q + 46 - 186. Let l = 7 - f. List the prime factors of l.
2, 19
Suppose 43*a - 8*a = 38640. List the prime factors of a.
2, 3, 23
Let f(h) = 1 - h**2 - 2 - 10 - 50*h + 41*h. List the prime factors of f(-7).
3
Suppose i = -a + 2397, a + 64*i = 66*i + 2394. List the prime factors of a.
2, 599
Suppose 0 = 3*v - 6*v. Suppose z + 6 = 2*o - v*z, -o - 2*z + 3 = 0. What are the prime factors of o?
3
Suppose -2*f - 169 = -15*f. Suppose -20 + 145 = 5*v. Let j = f + v. List the prime factors of j.
2, 19
Let a(x) = 1 + 1 + 2*x + 10. Let g be a(-8). What are the prime factors of (g - 18/(-4))*94?
47
Suppose 4*j - 1334 = 1114. List the prime factors of j.
2, 3, 17
Suppose -7*x - 10 = -9*x. Suppose 23 = 2*t + l, -2*t + x*t - 33 = -l. What are the prime factors of t?
2, 5
Suppose 5*u = -5*p + 870, -5*p - 2*u + 875 = 2*u. Suppose 2*l + 3*s = p, l = s + 2*s + 85. List the prime factors of l.
2, 11
Suppose -5*x + 3481 + 169 = 0. List the prime factors of x.
2, 5, 73
Let t = 549 - 274. List the prime factors of t.
5, 11
Suppose 5*d = 4151 + 4194. What are the prime factors of d?
1669
Suppose 0 = -2*t + 6, 2*j + 305 - 2963 = -2*t. What are the prime factors of j?
2, 3, 13, 17
Suppose 5 = -2*n + 13. Let d = 40 + n. What are the prime factors of d?
2, 11
Let o = 26 - 31. What are the prime factors of (-1)/(o/835) + 1?
2, 3, 7
Let a(l) = 418*l + 24. What are the prime factors of a(7)?
2, 5, 59
Let o = 18 - -78. Let z be 58/12 - (-16)/o. Suppose z*u - 74 = 81. What are the prime factors of u?
31
Let w be 29/(4/58*7/14). Suppose 0 = -b + 2*d + 188 + 109, 4*d = -3*b + w. List the prime factors of b.
7, 41
Let n be 49 + 1*(4 + 3). Let t be (0 - 0 - -1) + 3. Suppose 0 = -h + t*p + n, 224 = h + 3*h - 3*p. List the prime factors of h.
2, 7
Suppose -2*h - 2*x - 2*x = -4, -3*h = -x + 1. Suppose 0*i - 2*i - 26 = h. What are the prime factors of (i - -1)*20/(-16)?
3, 5
Suppose 10*j = 21*j + 2376. Let q = j - -433. List the prime factors of q.
7, 31
Let x(q) be the first derivative of -q**3/3 - 3*q**2 - 3. Let r be x(-4). Suppose r = 2*p + 2. List the prime factors of p.
3
Suppose -12*u = -9*u - 564. What are the prime factors of u?
2, 47
Let w be 7/(-5*(-1)/285). Suppose -w = -4*y - 5*x, 3*y - 4*x - 206 = y. What are the prime factors of y?
101
Suppose 3*v + 0*v = -3*c + 390, 3*v + 626 = 5*c. List the prime factors of c.
127
Let u = 671 - -169. What are the prime factors of u?
2, 3, 5, 7
Let w(c) = -11*c + 4*c + 3*c**2 + 12*c + 2. List the prime factors of w(-2).
2
Suppose 8*u = 3*u + 40. Suppose u*l = 10*l - 60. What are the prime factors of l?
2, 3, 5
Let h(y) = 15*y + 11. What are the prime factors of h(16)?
251
Let l = -773 - -1484. What are the prime factors of l?
3, 79
Let a(z) = -z + 23. Suppose 45*b + 6 = 43*b. What are the prime factors of a(b)?
2, 13
Let y = -12 - -15. Suppose 8*u - y*u = 25. Suppose -4*f = -3*q + 36, u*f - 44 = -2*q + f. What are the prime factors of q?
2
Suppose 3*q - 2*q = 5*m + 152, 0 = 5*q - 2*m - 714. Let s = q - 51. List the prime factors of s.
7, 13
Let x(z) = -13*z + 9. Let v be x(0). Let f = v + 10. List the prime factors of f.
19
What are the prime factors of -2*(1879/(-2) - -1)?
1877
Suppose -k + 31 = 3*m, 0*m + m - 21 = -3*k. Let y(n) = n**3 - 8*n**2 - 10*n + 11. Let s be y(m). Let x = 7 + s. List the prime factors of x.
3
Suppose 0 = -0*t - 2*t + 6. Let q(p) = -2*p - 5*p**3 - 6*p - 10 + 2*p**3 - 4*p**2 + 2*p**t. List the prime factors of q(-4).
2, 11
Let i = 15 - 34. Let m = i - -13. Let x(b) = b**3 + 8*b**2 + 8*b. What are the prime factors of x(m)?
2, 3
Suppose -3*x + 3*a = 5*a - 274, 3*a - 186 = -2*x. Let w = x + 0. List the prime factors of w.
2, 3, 5
Suppose 0 = 3*w - 5*i - 4226, w = 3*w + 2*i - 2796. Suppose -511 + w = 9*t. List the prime factors of t.
3, 11
Let a be (0 + -3)/(0 - 1). Suppose 3*h - a*j = -15, 3*h + 4*j + 7 = -29. Let i(l) = -2*l - 4. What are the prime factors of i(h)?
2, 3
Let j be (186/8)/((1/(-4))/(-1)). List the prime factors of 6/(-6) - 0 - (-1 - j).
3, 31
Suppose 2*d + 3*d = 10. Suppose -c + d*c = 1, 2*f - 15 = 5*c. Let j = f - 6. What are the prime factors of j?
2
Let h(c) = c**2 - c. Suppose -6*p = -p - 10. Suppose 7*i = p*i - 20. List the prime factors of h(i).
2, 5
Let f = 22 + -21. Let b(v) = 3*v**2 + 11*v**2 + v - 4 + 3. List the prime factors of b(f).
2, 7
Suppose a + 14 = -0*i - 3*i, -2*i = 2. Let o(v) = -v**3 + 6*v**2 + 9*v - 1. Let c be o(7). Let f = c - a. List the prime factors of f.
2, 3
Let r be -4*(-255)/6*1. Suppose 5*z - 158 = -o + 3*z, -4*z = -o + r. What are the prime factors of o?
2, 3
Let d(r) = 54*r**3 + 20*r - 36. What are the prime factors of d(2)?
2, 109
Let o = 2148 - 1285. List the prime factors of o.
863
Let s(c) = -c**2 + 10*c - 7. Let x be s(10). Let n(r) = -3*r - 8. Let h(z) = -4*z - 7. Let y(k) = 5*h(k) - 6*n(k). What are the prime factors of y(x)?
3
Let w be (-44)/12 + 4 - (-22)/6. Suppose w*q = 123 + 93. What are the prime factors of q?
2, 3
Let s(q) = q**3 + 5*q**2 + 2*q - 6. Let d be s(-2). Suppose 8 = 4*b + 5*w - 18, 0 = d*w + 4. List the prime factors of b.
3
Let u be ((-6)/(-9))/((-1)/(-81)). Let g = u + -17. Suppose -5*s = -163 - g. List the prime factors of s.
2, 5
Let p = 101 - -15. Suppose 6 - p = -2*f. Suppose -3*t + f + 36 = 4*u, -5*u - t + 122 = 0. What are the prime factors of u?
5
Let o = 869 + -507. List the prime factors of o.
2, 181
Let d(y) = -y - 4 - 4*y + 0 - 8. List the prime factors of d(-6).
2, 3
Let i = 1894 - 1324. Suppose -3*f = 3*f - i. What are the prime factors of f?
5, 19
Let k = -33 + 36. Let x(i) = 2*i - 4. Let o be x(k). Suppose -3*v - 63 = -2*p, 4*p - v - 123 = o*v. What are the prime factors of p?
2, 3, 5
Let u(b) = -3 + 6*b - 3*b - 6. Let m(v) = v**2 + v - 4. Let y be m(3). List the prime factors of u(y).
3, 5
Suppose 3*m + 42 = -3*m. 